{"id":685,"date":"2020-11-25T14:03:15","date_gmt":"2020-11-25T14:03:15","guid":{"rendered":"https:\/\/nsrfatima.archimadrid.es\/?page_id=685"},"modified":"2024-11-22T11:39:15","modified_gmt":"2024-11-22T11:39:15","slug":"recursos","status":"publish","type":"page","link":"https:\/\/nsrfatima.archimadrid.es\/?page_id=685","title":{"rendered":"Recursos"},"content":{"rendered":"<p>[et_pb_section fb_built=\u00bb1&#8243; _builder_version=\u00bb4.27.3&#8243; _module_preset=\u00bbdefault\u00bb global_colors_info=\u00bb{}\u00bb][et_pb_row column_structure=\u00bb1_3,1_3,1_3&#8243; _builder_version=\u00bb4.27.3&#8243; _module_preset=\u00bbdefault\u00bb hover_enabled=\u00bb0&#8243; global_colors_info=\u00bb{}\u00bb animation_style=\u00bbfade\u00bb sticky_enabled=\u00bb0&#8243;][et_pb_column type=\u00bb1_3&#8243; _builder_version=\u00bb4.27.3&#8243; _module_preset=\u00bbdefault\u00bb global_colors_info=\u00bb{}\u00bb][et_pb_text _builder_version=\u00bb4.27.3&#8243; _module_preset=\u00bbdefault\u00bb global_colors_info=\u00bb{}\u00bb]<\/p>\n<h1><strong>Rosario<\/strong><\/h1>\n<p><img decoding=\"async\" src=\"https:\/\/nsrfatima.archimadrid.es\/wp-content\/uploads\/2020\/11\/Webp.net-resizeimage-4.jpg\" alt=\"\" class=\"wp-image-755\" style=\"display: block; margin-left: auto; margin-right: auto;\" \/><\/p>\n<p>[\/et_pb_text][et_pb_button button_url=\u00bbhttps:\/\/nsrfatima.archimadrid.es\/wp-content\/uploads\/2020\/11\/rosario.pdf\u00bb button_text=\u00bbDescargar\u00bb button_alignment=\u00bbcenter\u00bb _builder_version=\u00bb4.27.3&#8243; _module_preset=\u00bbdefault\u00bb custom_button=\u00bbon\u00bb button_text_color=\u00bb#000000&#8243; button_bg_color=\u00bb#c1e7f5&#8243; button_border_width=\u00bb0px\u00bb global_colors_info=\u00bb{}\u00bb][\/et_pb_button][\/et_pb_column][et_pb_column type=\u00bb1_3&#8243; _builder_version=\u00bb4.27.3&#8243; _module_preset=\u00bbdefault\u00bb global_colors_info=\u00bb{}\u00bb][et_pb_text _builder_version=\u00bb4.27.3&#8243; _module_preset=\u00bbdefault\u00bb global_colors_info=\u00bb{}\u00bb]<\/p>\n<h1 style=\"text-align: left;\"><strong>Oraci\u00f3n velas de Adviento<\/strong><\/h1>\n<p><img loading=\"lazy\" decoding=\"async\" src=\"https:\/\/nsrfatima.archimadrid.es\/wp-content\/uploads\/2020\/11\/corona_adviento-e1606315694805.png\" alt=\"\" class=\"wp-image-690\" style=\"display: block; margin-left: auto; margin-right: auto;\" width=\"264\" height=\"223\" \/><\/p>\n<p>[\/et_pb_text][et_pb_button button_url=\u00bbhttps:\/\/nsrfatima.archimadrid.es\/wp-content\/uploads\/2020\/11\/oracion_adviento.pdf\u00bb button_text=\u00bbDescargar\u00bb button_alignment=\u00bbcenter\u00bb _builder_version=\u00bb4.27.3&#8243; _module_preset=\u00bbdefault\u00bb custom_button=\u00bbon\u00bb button_text_color=\u00bb#000000&#8243; button_bg_color=\u00bb#c1e7f5&#8243; button_border_width=\u00bb0px\u00bb global_colors_info=\u00bb{}\u00bb][\/et_pb_button][\/et_pb_column][et_pb_column type=\u00bb1_3&#8243; _builder_version=\u00bb4.27.3&#8243; _module_preset=\u00bbdefault\u00bb global_colors_info=\u00bb{}\u00bb][et_pb_text _builder_version=\u00bb4.27.3&#8243; _module_preset=\u00bbdefault\u00bb global_colors_info=\u00bb{}\u00bb]<\/p>\n<h1><strong>Estampita de San Jos\u00e9<\/strong><\/h1>\n<p><img loading=\"lazy\" decoding=\"async\" src=\"https:\/\/nsrfatima.archimadrid.es\/wp-content\/uploads\/2021\/03\/PhotoRoom-20210310_183250-e1616705346279.png\" alt=\"\" class=\"wp-image-755\" style=\"display: block; margin-left: auto; margin-right: auto;\" width=\"202\" height=\"263\" \/><\/p>\n<p>[\/et_pb_text][et_pb_button button_url=\u00bbhttps:\/\/nsrfatima.archimadrid.es\/wp-content\/uploads\/2021\/03\/Estampa-San-Jose.pdf\u00bb button_text=\u00bbDescargar\u00bb button_alignment=\u00bbcenter\u00bb _builder_version=\u00bb4.27.3&#8243; _module_preset=\u00bbdefault\u00bb custom_button=\u00bbon\u00bb button_text_color=\u00bb#000000&#8243; button_bg_color=\u00bb#c1e7f5&#8243; button_border_width=\u00bb0px\u00bb global_colors_info=\u00bb{}\u00bb][\/et_pb_button][\/et_pb_column][\/et_pb_row][\/et_pb_section]<\/p>\n","protected":false},"excerpt":{"rendered":"<p>Rosario Oraci\u00f3n velas de Adviento Estampita de San Jos\u00e9<\/p>\n","protected":false},"author":1,"featured_media":0,"parent":0,"menu_order":0,"comment_status":"closed","ping_status":"closed","template":"","meta":{"_et_pb_use_builder":"on","_et_pb_old_content":"<!-- wp:group -->\n<div class=\"wp-block-group\"><div class=\"wp-block-group__inner-container\"><!-- wp:html -->\n<div class=\"wp-block-file columna_izquierda alignfull\"><h4>Rosario<\/h4><a href=\"https:\/\/nsrfatima.archimadrid.es\/wp-content\/uploads\/2020\/11\/rosario.pdf\"><div class=\"wp-block-image\"><figure class=\"aligncenter size-large\"><img src=\"https:\/\/nsrfatima.archimadrid.es\/wp-content\/uploads\/2020\/11\/Webp.net-resizeimage-4.jpg\" alt=\"\" class=\"wp-image-755\"><\/figure><\/div><\/a><a href=\"https:\/\/nsrfatima.archimadrid.es\/wp-content\/uploads\/2020\/11\/rosario.pdf\" class=\"wp-block-file__button\" style=\"background-color:black; color:white;\" download=\"\">Descarga<\/a><\/div>\n<!-- \/wp:html -->\n\n<!-- wp:html -->\n<div class=\"wp-block-file columna_derecha alignfull\"><h4>Oraci\u00f3n velas de Adviento<\/h4><a href=\"https:\/\/nsrfatima.archimadrid.es\/wp-content\/uploads\/2020\/11\/oracion_adviento.pdf\"><div class=\"wp-block-image\"><figure class=\"wp-block-image size-large\"><img src=\"https:\/\/nsrfatima.archimadrid.es\/wp-content\/uploads\/2020\/11\/corona_adviento-e1606315694805.png\" alt=\"\" class=\"wp-image-690\"><\/figure><\/div><\/a><a href=\"https:\/\/nsrfatima.archimadrid.es\/wp-content\/uploads\/2020\/11\/oracion_adviento.pdf\" class=\"wp-block-file__button\" style=\"background-color:black; color:white;\" download=\"\">Descarga<\/a><\/div>\n<!-- \/wp:html -->\n\n<!-- wp:html -->\n<div class=\"wp-block-file columna_derecha alignfull\"><h4>Estampita de San Jos\u00e9<\/h4><a href=\"https:\/\/nsrfatima.archimadrid.es\/wp-content\/uploads\/2021\/03\/Estampa-San-Jose.pdf\"><div class=\"wp-block-image\"><figure class=\"aligncenter size-large\"><img src=\"https:\/\/nsrfatima.archimadrid.es\/wp-content\/uploads\/2021\/03\/PhotoRoom-20210310_183250-e1616705346279.png\" alt=\"\" class=\"wp-image-755\"><\/figure><\/div><\/a><a href=\"https:\/\/nsrfatima.archimadrid.es\/wp-content\/uploads\/2021\/03\/Estampa-San-Jose.pdf\" class=\"wp-block-file__button\" style=\"background-color:black; color:white;\" download=\"\">Descarga<\/a><\/div>\n<!-- \/wp:html -->\n\n<!-- wp:html -->\n<div class=\"wp-block-file columna_izquierda alignfull\"><h4>Estampita de la Cruz Gloriosa<\/h4><a href=\"https:\/\/nsrfatima.archimadrid.es\/wp-content\/uploads\/2021\/03\/Estampa-Cruz-4.pdf\"><div class=\"wp-block-image\"><figure class=\"wp-block-image size-large\"><img src=\"https:\/\/nsrfatima.archimadrid.es\/wp-content\/uploads\/2021\/03\/1616759927041-e1616850230811.png\" alt=\"\" class=\"wp-image-690\"><\/figure><\/div><\/a><a href=\"https:\/\/nsrfatima.archimadrid.es\/wp-content\/uploads\/2021\/03\/Estampa-Cruz-4.pdf\" class=\"wp-block-file__button\" style=\"background-color:black; color:white;\" download=\"\">Descarga<\/a><\/div>\n<!-- \/wp:html --><\/div><\/div>\n<!-- \/wp:group -->","_et_gb_content_width":"","footnotes":""},"class_list":["post-685","page","type-page","status-publish","hentry"],"yoast_head":"<!-- This site is optimized with the Yoast SEO plugin v27.2 - https:\/\/yoast.com\/product\/yoast-seo-wordpress\/ -->\n<title>Recursos - Parroquia Nuestra Se\u00f1ora del Rosario de F\u00e1tima<\/title>\n<meta name=\"robots\" content=\"index, follow, max-snippet:-1, max-image-preview:large, max-video-preview:-1\" \/>\n<link rel=\"canonical\" href=\"https:\/\/nsrfatima.archimadrid.es\/?page_id=685\" \/>\n<meta property=\"og:locale\" content=\"es_ES\" \/>\n<meta property=\"og:type\" content=\"article\" \/>\n<meta property=\"og:title\" content=\"Recursos - Parroquia Nuestra Se\u00f1ora del Rosario de F\u00e1tima\" \/>\n<meta property=\"og:description\" content=\"Rosario Oraci\u00f3n velas de Adviento Estampita de San Jos\u00e9\" \/>\n<meta property=\"og:url\" content=\"https:\/\/nsrfatima.archimadrid.es\/?page_id=685\" \/>\n<meta property=\"og:site_name\" content=\"Parroquia Nuestra Se\u00f1ora del Rosario de F\u00e1tima\" \/>\n<meta property=\"article:modified_time\" content=\"2024-11-22T11:39:15+00:00\" \/>\n<meta property=\"og:image\" content=\"https:\/\/nsrfatima.archimadrid.es\/wp-content\/uploads\/2020\/11\/Webp.net-resizeimage-4.jpg\" \/>\n<meta name=\"twitter:card\" content=\"summary_large_image\" \/>\n<meta name=\"twitter:label1\" content=\"Tiempo de lectura\" \/>\n\t<meta name=\"twitter:data1\" content=\"1 minuto\" \/>\n<script type=\"application\/ld+json\" class=\"yoast-schema-graph\">{\"@context\":\"https:\/\/schema.org\",\"@graph\":[{\"@type\":\"WebPage\",\"@id\":\"https:\/\/nsrfatima.archimadrid.es\/?page_id=685\",\"url\":\"https:\/\/nsrfatima.archimadrid.es\/?page_id=685\",\"name\":\"Recursos - Parroquia Nuestra Se\u00f1ora del Rosario de F\u00e1tima\",\"isPartOf\":{\"@id\":\"https:\/\/nsrfatima.archimadrid.es\/#website\"},\"primaryImageOfPage\":{\"@id\":\"https:\/\/nsrfatima.archimadrid.es\/?page_id=685#primaryimage\"},\"image\":{\"@id\":\"https:\/\/nsrfatima.archimadrid.es\/?page_id=685#primaryimage\"},\"thumbnailUrl\":\"https:\/\/nsrfatima.archimadrid.es\/wp-content\/uploads\/2020\/11\/Webp.net-resizeimage-4.jpg\",\"datePublished\":\"2020-11-25T14:03:15+00:00\",\"dateModified\":\"2024-11-22T11:39:15+00:00\",\"breadcrumb\":{\"@id\":\"https:\/\/nsrfatima.archimadrid.es\/?page_id=685#breadcrumb\"},\"inLanguage\":\"es\",\"potentialAction\":[{\"@type\":\"ReadAction\",\"target\":[\"https:\/\/nsrfatima.archimadrid.es\/?page_id=685\"]}]},{\"@type\":\"ImageObject\",\"inLanguage\":\"es\",\"@id\":\"https:\/\/nsrfatima.archimadrid.es\/?page_id=685#primaryimage\",\"url\":\"https:\/\/nsrfatima.archimadrid.es\/wp-content\/uploads\/2020\/11\/Webp.net-resizeimage-4-e1606316479481.jpg\",\"contentUrl\":\"https:\/\/nsrfatima.archimadrid.es\/wp-content\/uploads\/2020\/11\/Webp.net-resizeimage-4-e1606316479481.jpg\",\"width\":276,\"height\":209},{\"@type\":\"BreadcrumbList\",\"@id\":\"https:\/\/nsrfatima.archimadrid.es\/?page_id=685#breadcrumb\",\"itemListElement\":[{\"@type\":\"ListItem\",\"position\":1,\"name\":\"Portada\",\"item\":\"https:\/\/nsrfatima.archimadrid.es\/\"},{\"@type\":\"ListItem\",\"position\":2,\"name\":\"Recursos\"}]},{\"@type\":\"WebSite\",\"@id\":\"https:\/\/nsrfatima.archimadrid.es\/#website\",\"url\":\"https:\/\/nsrfatima.archimadrid.es\/\",\"name\":\"Parroquia Nuestra Se\u00f1ora del Rosario de F\u00e1tima\",\"description\":\"Web de la parroquia de Nuestra Se\u00f1ora del Rosario de F\u00e1tima\",\"potentialAction\":[{\"@type\":\"SearchAction\",\"target\":{\"@type\":\"EntryPoint\",\"urlTemplate\":\"https:\/\/nsrfatima.archimadrid.es\/?s={search_term_string}\"},\"query-input\":{\"@type\":\"PropertyValueSpecification\",\"valueRequired\":true,\"valueName\":\"search_term_string\"}}],\"inLanguage\":\"es\"}]}<\/script>\n<!-- \/ Yoast SEO plugin. -->","yoast_head_json":{"title":"Recursos - Parroquia Nuestra Se\u00f1ora del Rosario de F\u00e1tima","robots":{"index":"index","follow":"follow","max-snippet":"max-snippet:-1","max-image-preview":"max-image-preview:large","max-video-preview":"max-video-preview:-1"},"canonical":"https:\/\/nsrfatima.archimadrid.es\/?page_id=685","og_locale":"es_ES","og_type":"article","og_title":"Recursos - Parroquia Nuestra Se\u00f1ora del Rosario de F\u00e1tima","og_description":"Rosario Oraci\u00f3n velas de Adviento Estampita de San Jos\u00e9","og_url":"https:\/\/nsrfatima.archimadrid.es\/?page_id=685","og_site_name":"Parroquia Nuestra Se\u00f1ora del Rosario de F\u00e1tima","article_modified_time":"2024-11-22T11:39:15+00:00","og_image":[{"url":"https:\/\/nsrfatima.archimadrid.es\/wp-content\/uploads\/2020\/11\/Webp.net-resizeimage-4.jpg","type":"","width":"","height":""}],"twitter_card":"summary_large_image","twitter_misc":{"Tiempo de lectura":"1 minuto"},"schema":{"@context":"https:\/\/schema.org","@graph":[{"@type":"WebPage","@id":"https:\/\/nsrfatima.archimadrid.es\/?page_id=685","url":"https:\/\/nsrfatima.archimadrid.es\/?page_id=685","name":"Recursos - Parroquia Nuestra Se\u00f1ora del Rosario de F\u00e1tima","isPartOf":{"@id":"https:\/\/nsrfatima.archimadrid.es\/#website"},"primaryImageOfPage":{"@id":"https:\/\/nsrfatima.archimadrid.es\/?page_id=685#primaryimage"},"image":{"@id":"https:\/\/nsrfatima.archimadrid.es\/?page_id=685#primaryimage"},"thumbnailUrl":"https:\/\/nsrfatima.archimadrid.es\/wp-content\/uploads\/2020\/11\/Webp.net-resizeimage-4.jpg","datePublished":"2020-11-25T14:03:15+00:00","dateModified":"2024-11-22T11:39:15+00:00","breadcrumb":{"@id":"https:\/\/nsrfatima.archimadrid.es\/?page_id=685#breadcrumb"},"inLanguage":"es","potentialAction":[{"@type":"ReadAction","target":["https:\/\/nsrfatima.archimadrid.es\/?page_id=685"]}]},{"@type":"ImageObject","inLanguage":"es","@id":"https:\/\/nsrfatima.archimadrid.es\/?page_id=685#primaryimage","url":"https:\/\/nsrfatima.archimadrid.es\/wp-content\/uploads\/2020\/11\/Webp.net-resizeimage-4-e1606316479481.jpg","contentUrl":"https:\/\/nsrfatima.archimadrid.es\/wp-content\/uploads\/2020\/11\/Webp.net-resizeimage-4-e1606316479481.jpg","width":276,"height":209},{"@type":"BreadcrumbList","@id":"https:\/\/nsrfatima.archimadrid.es\/?page_id=685#breadcrumb","itemListElement":[{"@type":"ListItem","position":1,"name":"Portada","item":"https:\/\/nsrfatima.archimadrid.es\/"},{"@type":"ListItem","position":2,"name":"Recursos"}]},{"@type":"WebSite","@id":"https:\/\/nsrfatima.archimadrid.es\/#website","url":"https:\/\/nsrfatima.archimadrid.es\/","name":"Parroquia Nuestra Se\u00f1ora del Rosario de F\u00e1tima","description":"Web de la parroquia de Nuestra Se\u00f1ora del Rosario de F\u00e1tima","potentialAction":[{"@type":"SearchAction","target":{"@type":"EntryPoint","urlTemplate":"https:\/\/nsrfatima.archimadrid.es\/?s={search_term_string}"},"query-input":{"@type":"PropertyValueSpecification","valueRequired":true,"valueName":"search_term_string"}}],"inLanguage":"es"}]}},"_links":{"self":[{"href":"https:\/\/nsrfatima.archimadrid.es\/index.php?rest_route=\/wp\/v2\/pages\/685","targetHints":{"allow":["GET"]}}],"collection":[{"href":"https:\/\/nsrfatima.archimadrid.es\/index.php?rest_route=\/wp\/v2\/pages"}],"about":[{"href":"https:\/\/nsrfatima.archimadrid.es\/index.php?rest_route=\/wp\/v2\/types\/page"}],"author":[{"embeddable":true,"href":"https:\/\/nsrfatima.archimadrid.es\/index.php?rest_route=\/wp\/v2\/users\/1"}],"replies":[{"embeddable":true,"href":"https:\/\/nsrfatima.archimadrid.es\/index.php?rest_route=%2Fwp%2Fv2%2Fcomments&post=685"}],"version-history":[{"count":64,"href":"https:\/\/nsrfatima.archimadrid.es\/index.php?rest_route=\/wp\/v2\/pages\/685\/revisions"}],"predecessor-version":[{"id":5180,"href":"https:\/\/nsrfatima.archimadrid.es\/index.php?rest_route=\/wp\/v2\/pages\/685\/revisions\/5180"}],"wp:attachment":[{"href":"https:\/\/nsrfatima.archimadrid.es\/index.php?rest_route=%2Fwp%2Fv2%2Fmedia&parent=685"}],"curies":[{"name":"wp","href":"https:\/\/api.w.org\/{rel}","templated":true}]}}